s the hundreds digit of b?
1
Suppose 5*x - 14267 = -4*v + 3*v, -4*v + 57114 = -3*x. What is the hundreds digit of v/21 + ((-42)/(-49))/6?
6
Let f(h) = 5*h**2 + 45*h + 6. Let n be f(-9). What is the hundreds digit of -194*35/(-28)*n/5?
2
Suppose 14*o = -5*o + 7372. What is the hundreds digit of (o/(-3))/(-2*(-1)/(-3))?
1
Suppose k = c + 9479, 0 = -4*k - 0*k - 2*c + 37952. What is the tens digit of k?
8
Let x(n) = 141*n + 28. Let r be (-2)/1 - (2 + (-28)/4). What is the hundreds digit of x(r)?
4
Let m = -57012 - -80470. What is the hundreds digit of m?
4
Suppose 0 = 72*t - 78*t + 30. Suppose n = -t*c + 1557, 4*n = c - 4*c + 941. What is the hundreds digit of c?
3
Let m = -250 + 250. Suppose m = 6*n - 3*n - 4896. What is the thousands digit of n?
1
Let v(x) = -215*x**2 + 10*x**2 + 58 + 2*x + x**3 + 206*x**2. Let p be (-2)/(-4)*(1 - 1). What is the units digit of v(p)?
8
Suppose 296*y - 5633 = 292*y - 3*z, -2823 = -2*y + 5*z. What is the units digit of y?
9
Let g be (2 - (-2)/3)*18/24. Suppose -2*c = c - 408. Suppose c = 2*z - 3*i, -z + 3*i - 68 = -g*z. What is the tens digit of z?
6
Suppose -2*z + 0*z = 326. Let i = -88 - z. Let d = i - -19. What is the units digit of d?
4
Suppose r + z = -3*r - 1923, 5*z = 4*r + 1905. What is the tens digit of (6 - 7)*2 - r?
7
Let b(x) = -37*x + 435 - 22*x + 68*x. What is the units digit of b(0)?
5
Suppose -3*s + 1 = -3*f - 8, 3*f = -5*s - 9. Suppose s*p + 255 = p. Let l = p - 172. What is the tens digit of l?
8
Let c = 22053 + -8044. What is the thousands digit of c?
4
Suppose 0 = 3*z - 7*z + 24, 0 = -3*y + 5*z + 61806. What is the units digit of y?
2
Suppose 0 = 126*v - 117*v + 34326 - 166464. What is the hundreds digit of v?
6
Let r be (-16803)/(-36) + (-3)/(-12 - 0). Suppose -l + 577 = -64*v + 69*v, -4*v + l + r = 0. What is the tens digit of v?
1
Suppose -13*g = 1980 - 9780. Suppose 3*z - 4*o = 4*z - 200, -3*z + g = -2*o. What is the hundreds digit of z?
2
Let w = 286 + -129. Suppose 0 = -d - 3*r + 248, 873 - w = 3*d + 2*r. What is the units digit of d?
6
Let b(l) = -5*l**2 + 23*l + 122. Let p(z) = -11*z**2 + 45*z + 245. Let q(x) = 7*b(x) - 4*p(x). What is the hundreds digit of q(-8)?
6
Let o(g) = g**3 - 19*g**2. Let u be o(19). Suppose 5*z + 5*c = 3*z + 581, 2*z - c - 575 = u. What is the tens digit of z?
8
Suppose 0 = -2*t - 71 - 77. Let p be 2/(896/(-444) - -2). Let a = t - p. What is the units digit of a?
7
Let g(z) = -z + 17. Let l be g(13). Suppose -l*u - 2*u = -78. Suppose -6 + 149 = u*j. What is the tens digit of j?
1
Let u(c) = 11*c**3 + 4*c**2 + 44*c + 20. What is the hundreds digit of u(8)?
2
What is the ten thousands digit of 745*(6174/90 - (10 - 3))?
4
Let u(j) = 0*j**3 - j**3 - 27*j + 7*j**2 - 8*j - 23*j**2 - 36. What is the hundreds digit of u(-15)?
2
Let g = 11 - 4. Suppose h - g + 22 = 0. What is the tens digit of (-6)/h + 1728/30?
5
Suppose 12*k = 9*k + 12. Suppose -s - k*a = -40, 2*s + 2*a - 14 = 36. What is the tens digit of s?
2
Let k(h) = 30*h**2 + 17*h + 254. What is the ten thousands digit of k(23)?
1
Suppose -7*f = -16*f + 27. Let r be (-156)/(-8)*((-20)/f)/5. Let t = -15 - r. What is the tens digit of t?
1
Let j(r) = r**2 - 828 + 1676 - 821 - 5*r. Let g(n) = -8*n. Let t be g(-2). What is the tens digit of j(t)?
0
Let z be ((80/(-6))/(-4))/(44/198). Suppose -z*g = g - 3584. What is the hundreds digit of g?
2
Let w be (-69)/3*-3*(-1)/(-3). Suppose -w*l - 49817 = -54*l. What is the units digit of l?
7
Suppose -338275 = -5*s - 5*z, 8*z = 3*s + 6*z - 202985. What is the thousands digit of s?
7
Let d(o) = 34*o**2 + 58*o - 595. What is the hundreds digit of d(9)?
6
Suppose 0 = 3*b + 27, 3*s + 3*b - 18501 = 8763. What is the units digit of s?
7
Let j(q) = 5*q**2 - 20*q - 83. What is the tens digit of j(13)?
0
Suppose 4*f = -5*g - 3 + 9, -f - 2 = 3*g. Let n be (5 + (-8)/f)/(6/4). Suppose -3*w + 4*u + 8 - 1 = 0, 8 = n*w - u. What is the units digit of w?
5
Let v be 4/(-1) + (23 - 1) - -2. Suppose v*r - 23*r = -6. Suppose r*s - 308 = -0*s - 5*w, 2*w - 320 = -2*s. What is the tens digit of s?
6
Suppose 2*q - 343 = -5*p, 0*p - 3*q = 4*p - 273. Let z = -64 + p. Suppose 0 = -2*x - z*o - 13 + 231, -3*o - 109 = -x. What is the hundreds digit of x?
1
Suppose -203*b + 204*b - 1974 = 0. Suppose 5*c - 4*c - 1180 = -3*g, 5*g - b = 2*c. What is the hundreds digit of g?
3
Suppose 5*j - 5*a = 161 - 56, 0 = 2*a + 8. Suppose 33670 = j*v + 20*v. What is the tens digit of v?
1
Let o(n) = n**3 - 6*n**2 + 7*n - 5. Let w be o(5). Suppose 24 - 9 = 3*d. Suppose 10*i = d*i - 3*m + 404, w*m = -4*i + 318. What is the tens digit of i?
8
Suppose -11205 = -22*o + 7*o. Suppose -5*u + o + 178 = 0. What is the units digit of u?
5
What is the tens digit of (-200)/110*(-5 + (-45)/2)?
5
Suppose -591*p = -595*p - 2*x + 23182, 2*p + 4*x = 11612. What is the thousands digit of p?
5
Let y(w) = -w**2 + 48*w + 242. What is the hundreds digit of y(23)?
8
Suppose 19*r - 13*r - 16884 = 0. Suppose -3*b = 11*b - r. What is the units digit of b?
1
Let k(q) = -46*q - 3*q - 149 + 28*q + 38*q + 33*q. What is the tens digit of k(14)?
5
Let u(i) = -14*i + 32*i**2 + 16*i + 1 + 33*i**2. Let p(t) = 2*t**3 + t**2. Let v be p(-1). What is the tens digit of u(v)?
6
What is the tens digit of (3168/(-80))/(26/(-5395))?
1
Let i(m) be the first derivative of -m**4/4 - 10*m**3/3 + 3*m**2 - 25*m + 4. Suppose 0 = -4*v - 29 - 19. What is the tens digit of i(v)?
9
Suppose 3*x - 8 = a + x, 20 = 5*a + 5*x. Suppose a = -15*w + 19*w - 2028. Let y = w - 267. What is the units digit of y?
0
Suppose 175 = 5*m + 5*h, m + 3*h + h - 44 = 0. What is the hundreds digit of (-1)/4 - ((-22984)/m + 7)?
7
Suppose g - 40*j - 18570 = -35*j, g - 18584 = -2*j. What is the hundreds digit of g?
5
Let v(k) = -46*k - 6. Let r be v(-1). Suppose -1628 - r = -12*z. What is the units digit of z?
9
Let z be 8/((-16)/(-18)) - 5. Suppose -2*x = -5*i - 161, 9*i - z*i - 204 = -3*x. What is the tens digit of x?
7
Let x be (15/2)/((-5)/(-10)). Let k be x/(-10) - 1/(-2). What is the units digit of k/3 + 392/6?
5
Suppose 2*p + 37 = 45. Suppose -5*z = 4*r + 63, -z + 44 = -p*r - 25. Let i = r + 77. What is the tens digit of i?
6
Let z = -23704 + 53819. What is the tens digit of z?
1
Suppose 0 = -3*v + 116 - 350. Suppose -348 - 103 = 5*k + 4*s, -4*s = k + 87. Let j = v - k. What is the units digit of j?
3
Suppose 99 = 61*t - 23. Suppose -3*b = 2*z - 3643, b - 2*b + t*z = -1201. What is the tens digit of b?
1
What is the ten thousands digit of -32*((-3702)/4 + -3) + -10?
2
Suppose 0 = 4*s + 4*y - 61740, 49 - 39 = 5*y. What is the hundreds digit of s?
4
Let q(g) = 9*g**2 - 7*g + 632. What is the hundreds digit of q(-33)?
6
Suppose 4*u + 22543 = w, 5*u - 17 = -37. What is the hundreds digit of w?
5
What is the ten thousands digit of (-8)/8 + 12138 + 15?
1
Suppose z + 36 = 4*z. Suppose -3*g = g - z. What is the units digit of -3 - -5 - -26*g?
0
Let i be (-18)/(-6) + 2 + 2. Suppose 5*n = -7*d + 2*d + 15, -d = 5*n - i. Suppose 0*h + 2*h - 2*m = 156, 0 = d*h + 3*m - 151. What is the tens digit of h?
7
Let d(u) = -25*u - 1. Let c be d(2). Let k = c + 31. Let x(g) = -g**2 - 26*g - 6. What is the tens digit of x(k)?
1
Suppose -2*w + 4 = a + 4*a, 4*a = -2*w + 2. Let h(d) = d**2 + d - 3. Let q be h(6). Suppose -a = -s, -5*k - 3*s + q = -72. What is the tens digit of k?
2
Suppose -72*n + 14779 = 5059. Suppose 7 - 22 = -5*d. Suppose 3*h = 8*h - a - 221, -3*h + d*a + n = 0. What is the tens digit of h?
4
What is the tens digit of (-232818)/(-42) + (-72)/(-42)?
4
Suppose 12*i - 86 + 14 = 0. Let a be 80/(-12)*15/i*-3. Suppose -k - a = -195. What is the tens digit of k?
4
Suppose -4*m + 4 = 3*v, -18 = -5*m + v + 6. Suppose u + 5*i - 280 = 0, 5*u + m*i = u + 1152. What is the tens digit of u?
9
Let y be 2/(2/1)*4. Suppose y*a + 2*t - 882 = 4*t, 656 = 3*a + 4*t. What is the units digit of a?
0
Let k = -15464 + 25906. What is the ten thousands digit of k?
1
Let k be (-1554 + (-6 - -14))/(1*-2). Suppose 2*h + 3*q = k, 5*h - 9*q - 1967 = -5*q. What is the units digit of h?
1
Suppose -5*s - 17*w = -19*w - 14187, w = -1. What is the hundreds digit of s?
8
Suppose -2*j + 7*j - 45 = 0. Let t be j/3*48/(-36). Let v(a) = -29*a + 2. What is the tens digit of v(t)?
1
Let l = 5810 + -3000. What is the thousands digit of l?
2